{"id":7,"date":"2025-03-28T14:25:24","date_gmt":"2025-03-28T13:25:24","guid":{"rendered":"https:\/\/www.pormareo.it\/?page_id=7"},"modified":"2025-06-04T16:34:45","modified_gmt":"2025-06-04T14:34:45","slug":"7-2","status":"publish","type":"page","link":"https:\/\/www.pormareo.it\/","title":{"rendered":"Home"},"content":{"rendered":"<p>[et_pb_section fb_built=&#8221;1&#8243; _builder_version=&#8221;4.27.4&#8243; _module_preset=&#8221;default&#8221; global_colors_info=&#8221;{}&#8221;][et_pb_row _builder_version=&#8221;4.27.4&#8243; _module_preset=&#8221;default&#8221; global_colors_info=&#8221;{}&#8221;][et_pb_column type=&#8221;4_4&#8243; _builder_version=&#8221;4.27.4&#8243; _module_preset=&#8221;default&#8221; global_colors_info=&#8221;{}&#8221;][et_pb_text _builder_version=&#8221;4.27.4&#8243; _module_preset=&#8221;default&#8221; global_colors_info=&#8221;{}&#8221;]<\/p>\n<p>La Societ\u00e0 Cooperativa di Comunit\u00e0 \u201cPor Mareo\u201d si \u00e8 costituita in data 10\/07\/2024 con lo scopo di promuovere lo sviluppo integrato, economico, sociale e culturale, del territorio del Comune di Marebbe, e si fa carico di una pluralit\u00e0 di bisogni della comunit\u00e0 mediante lo svolgimento coordinato di attivit\u00e0 economiche diverse con la partecipazione della comunit\u00e0 e con ricaduta sul territorio.<\/p>\n<p>La cooperativa di comunit\u00e0 \u00e8 un&#8217;organizzazione senza scopo di lucro il cui fine \u00e8 quello di permettere ai cittadini e alle cittadine, alle organizzazioni e alle imprese del Comune di Marebbe, dei Comuni ladini e dei Comuni limitrofi, di partecipare attivamente allo sviluppo sostenibile del territorio di riferimento.<\/p>\n<p>La cooperativa \u00e8 retta e disciplinata secondo il principio proprio delle Cooperative di Comunit\u00e0, della mutualit\u00e0 senza fini di speculazione privata ed ha Io scopo di perseguire gli interessi generali delle comunit\u00e0 del territorio di Marebbe, perseguendo gli obiettivi declinati nel progetto di rigenerazione di cui all&#8217;Avviso MiC del PNRR 2.1 &#8220;Attrattivit\u00e0 dei borghi&#8221;.<\/p>\n<p>La cooperativa persegue obiettivi di solidariet\u00e0 sociale attingendo alle proprie risorse e altri finanziamenti e collaborando con i servizi e gli enti presenti sul territorio di riferimento. La cooperativa intende impegnarsi a dare risposte ai problemi e ai seguenti bisogni della comunit\u00e0 di riferimento attivandosi in particolare per:<\/p>\n<ul>\n<li>per i soci lavoratori mediante la continuit\u00e0 di occupazione lavorativa alle migliori condizioni economiche, sociali e professionali. Ai fini del raggiungimento degli scopi sociali e mutualistici, i soci lavoratori instaurano con la cooperativa un ulteriore rapporto di lavoro in forma subordinata o autonoma, o in qualsiasi altra forma ivi compresi i rapporti di collaborazione coordinata non occasionale;<\/li>\n<li>per i soci utenti e consumatori mediante la fruizione di beni e servizi alle migliori condizioni economiche e di qualit\u00e0 rispetto a quelle ottenibili sul mercato, tutelando gli interessi, la salute e la sicurezza dei soci suddetti;<\/li>\n<li>\u00a0per i soci conferitori dei prodotti tipici locali agricoli e non mediante l&#8217;ottenimento di condizioni migliori rispetto a quelle di mercato;<\/li>\n<li>\u00a0per i soci abitanti mediante il recupero, la riqualificazione, la manutenzione e la gestione delle abitazioni, dei fabbricati e dei complessi edilizi a destinazione residenziale, con la dotazione dei relativi servizi necessari al miglioramento delle condizioni abitative dei soci.<\/li>\n<\/ul>\n<p>La cooperativa \u00e8 retta e disciplinata dai principi della mutualit\u00e0 senza fini di speculazione privata.<\/p>\n<p>La Cooperativa svolge le seguenti attivit\u00e0:<\/p>\n<ul>\n<li>prestazione di servizi nell&#8217;ambito culturale, ricreativo e didattico, formativo, scientifico e sportivo, economico e di pubblica utilit\u00e0;<\/li>\n<li>gestione di biblioteche anche attraverso il reperimento, la catalogazione e l&#8217;ordinata sistemazione dei volumi e di tutto il patrimonio storico artistico e culturale, oltre che sistemazione dei beni librari esistenti ai fini della diffusione della cultura e della conservazione del patrimonio cultural e, anche attraverso l&#8217;uso di tecnologie digitali;<\/li>\n<li>prestazione in genere di servizi commerciali, industriali e agricoli;<\/li>\n<li>gestione di pubblici esercizi ricettivi e della ristorazione;<\/li>\n<li>produzione e la commercializzazione di beni mobili;<\/li>\n<li>promozione ed ideazione di progetti di sviluppo del territorio;<\/li>\n<li>servizi di sistemazione del territorio quali rimboschimento, manutenzione strade, giardini e parchi, e quant&#8217;altro attiene alla salvaguardia e alla tutela del territorio;<\/li>\n<li>organizzazione di eventi culturali e scientifici,<\/li>\n<li>manifestazioni, cineforum, feste tematiche;<\/li>\n<li>promozione, ideazione, progettazione, realizzazione, installazione, gestione e manutenzione di impianti per la produzione di energia da fonti rinnovabili o alternative e la distribuzione.<\/li>\n<\/ul>\n<p>[\/et_pb_text][et_pb_image src=&#8221;https:\/\/www.pormareo.it\/wp-content\/uploads\/2025\/04\/EN_CI-Co-funded-Rep-Prov_horizontal_POS.png&#8221; title_text=&#8221;EN_CI-Co-funded-Rep-Prov_vertical_POS&#8221; src_tablet=&#8221;https:\/\/www.pormareo.it\/wp-content\/uploads\/2025\/04\/EN_CI-Co-funded-Rep-Prov_vertical_POS.png&#8221; src_phone=&#8221;https:\/\/www.pormareo.it\/wp-content\/uploads\/2025\/04\/EN_CI-Co-funded-Rep-Prov_vertical_POS.png&#8221; src_last_edited=&#8221;on|desktop&#8221; _builder_version=&#8221;4.27.4&#8243; _module_preset=&#8221;default&#8221; global_colors_info=&#8221;{}&#8221;][\/et_pb_image][et_pb_text _builder_version=&#8221;4.27.4&#8243; _module_preset=&#8221;default&#8221; hover_enabled=&#8221;0&#8243; global_colors_info=&#8221;{}&#8221; sticky_enabled=&#8221;0&#8243;]<\/p>\n<p>La Societ\u00e0 Cooperativa di Comunit\u00e0 &#8220;Por Mareo&#8221; ha avviato la procedura di accreditamento come ente formativo della Provincia di Bolzano (Fondo Sociale Europeo Plus 2021-2027).<\/p>\n<p><a href=\"https:\/\/www.pormareo.it\/wp-content\/uploads\/2025\/06\/cartaqualita-v1.pdf\" rel=\"attachment wp-att-34\">Scarica la Carta della Qualit\u00e0<\/a><\/p>\n<p>[\/et_pb_text][\/et_pb_column][\/et_pb_row][\/et_pb_section]<\/p>\n","protected":false},"excerpt":{"rendered":"<p>La Societ\u00e0 Cooperativa di Comunit\u00e0 \u201cPor Mareo\u201d si \u00e8 costituita in data 10\/07\/2024 con lo scopo di promuovere lo sviluppo integrato, economico, sociale e culturale, del territorio del Comune di Marebbe, e si fa carico di una pluralit\u00e0 di bisogni della comunit\u00e0 mediante lo svolgimento coordinato di attivit\u00e0 economiche diverse con la partecipazione della comunit\u00e0 [&hellip;]<\/p>\n","protected":false},"author":1,"featured_media":0,"parent":0,"menu_order":0,"comment_status":"closed","ping_status":"closed","template":"","meta":{"_et_pb_use_builder":"on","_et_pb_old_content":"","_et_gb_content_width":"","footnotes":""},"class_list":["post-7","page","type-page","status-publish","hentry"],"_links":{"self":[{"href":"https:\/\/www.pormareo.it\/index.php\/wp-json\/wp\/v2\/pages\/7","targetHints":{"allow":["GET"]}}],"collection":[{"href":"https:\/\/www.pormareo.it\/index.php\/wp-json\/wp\/v2\/pages"}],"about":[{"href":"https:\/\/www.pormareo.it\/index.php\/wp-json\/wp\/v2\/types\/page"}],"author":[{"embeddable":true,"href":"https:\/\/www.pormareo.it\/index.php\/wp-json\/wp\/v2\/users\/1"}],"replies":[{"embeddable":true,"href":"https:\/\/www.pormareo.it\/index.php\/wp-json\/wp\/v2\/comments?post=7"}],"version-history":[{"count":7,"href":"https:\/\/www.pormareo.it\/index.php\/wp-json\/wp\/v2\/pages\/7\/revisions"}],"predecessor-version":[{"id":35,"href":"https:\/\/www.pormareo.it\/index.php\/wp-json\/wp\/v2\/pages\/7\/revisions\/35"}],"wp:attachment":[{"href":"https:\/\/www.pormareo.it\/index.php\/wp-json\/wp\/v2\/media?parent=7"}],"curies":[{"name":"wp","href":"https:\/\/api.w.org\/{rel}","templated":true}]}}